e greatest common factor of 153 and 85.
17
What is the highest common divisor of 30 and 336?
6
Calculate the greatest common factor of 36 and 21.
3
Calculate the highest common divisor of 606 and 15.
3
What is the highest common divisor of 484 and 2354?
22
What is the greatest common factor of 189 and 135?
27
Calculate the greatest common divisor of 2185 and 115.
115
What is the greatest common divisor of 322 and 69?
23
Calculate the greatest common factor of 20 and 3610.
10
What is the highest common factor of 360 and 54?
18
Calculate the greatest common factor of 2 and 96.
2
Calculate the greatest common divisor of 126 and 98.
14
What is the highest common divisor of 1475 and 472?
59
Calculate the greatest common divisor of 9814 and 14.
14
What is the greatest common divisor of 145 and 1885?
145
What is the greatest common divisor of 18 and 342?
18
Calculate the greatest common divisor of 572 and 22.
22
What is the highest common divisor of 242 and 44?
22
Calculate the greatest common factor of 60 and 11060.
20
What is the highest common factor of 60 and 405?
15
What is the highest common divisor of 14 and 560?
14
What is the highest common divisor of 530 and 20?
10
Calculate the greatest common divisor of 16 and 128.
16
Calculate the greatest common divisor of 1458 and 6.
6
Calculate the highest common factor of 81 and 4491.
9
Calculate the greatest common factor of 370 and 50.
10
What is the greatest common divisor of 47 and 20539?
47
What is the highest common divisor of 484 and 8?
4
What is the highest common factor of 297 and 4213?
11
What is the highest common divisor of 56 and 1976?
8
What is the highest common factor of 780 and 832?
52
What is the greatest common divisor of 231 and 1309?
77
What is the greatest common divisor of 9591 and 138?
69
Calculate the greatest common divisor of 400 and 20.
20
What is the highest common factor of 196 and 343?
49
What is the greatest common divisor of 1 and 911?
1
Calculate the greatest common divisor of 10 and 16300.
10
Calculate the greatest common factor of 418 and 38.
38
What is the highest common divisor of 3208 and 4?
4
Calculate the highest common divisor of 39 and 195.
39
Calculate the highest common divisor of 26 and 1586.
26
Calculate the greatest common divisor of 432 and 738.
18
Calculate the greatest common factor of 3 and 321.
3
What is the highest common factor of 24 and 12?
12
What is the highest common factor of 377 and 39?
13
What is the greatest common divisor of 999 and 594?
27
What is the greatest common divisor of 27 and 1956?
3
What is the greatest common factor of 9322 and 79?
79
What is the greatest common factor of 20 and 5260?
20
What is the greatest common divisor of 3450 and 552?
138
What is the highest common divisor of 13317 and 965?
193
What is the highest common factor of 189 and 1141?
7
What is the greatest common factor of 425 and 50?
25
Calculate the highest common factor of 228 and 3724.
76
What is the highest common divisor of 18 and 20?
2
Calculate the greatest common factor of 23 and 19297.
23
Calculate the highest common divisor of 318 and 4134.
318
Calculate the greatest common factor of 1073 and 37.
37
What is the greatest common factor of 122 and 1342?
122
What is the greatest common divisor of 266 and 35?
7
What is the highest common divisor of 36 and 84?
12
What is the greatest common divisor of 128 and 48?
16
What is the greatest common factor of 1472 and 92?
92
What is the greatest common divisor of 341 and 22?
11
What is the highest common factor of 16 and 56?
8
What is the highest common factor of 46 and 18?
2
Calculate the highest common divisor of 799 and 748.
17
What is the highest common divisor of 30 and 4810?
10
Calculate the greatest common factor of 350 and 70.
70
What is the greatest common factor of 1236 and 103?
103
What is the highest common divisor of 228 and 38?
38
Calculate the highest common factor of 8220 and 300.
60
Calculate the highest common factor of 575 and 225.
25
What is the highest common divisor of 1929 and 9?
3
What is the highest common factor of 7128 and 165?
33
Calculate the greatest common divisor of 3330 and 18.
18
What is the greatest common factor of 27985 and 145?
145
Calculate the greatest common divisor of 22 and 209.
11
Calculate the highest common divisor of 17 and 9860.
17
What is the highest common factor of 3505 and 5?
5
Calculate the greatest common divisor of 36518 and 38.
38
Calculate the highest common factor of 230 and 11615.
115
What is the greatest common factor of 1037 and 1647?
61
What is the greatest common factor of 483 and 23?
23
What is the greatest common divisor of 5130 and 144?
18
What is the greatest common divisor of 172 and 129?
43
Calculate the greatest common divisor of 2888 and 8.
8
What is the greatest common factor of 850 and 4590?
170
What is the greatest common divisor of 5068 and 28?
28
What is the highest common divisor of 8 and 8?
8
Calculate the highest common divisor of 1310 and 10.
10
What is the greatest common factor of 108 and 996?
12
What is the greatest common factor of 3186 and 236?
118
What is the greatest common divisor of 28 and 70?
14
What is the highest common divisor of 125 and 2?
1
What is the greatest common factor of 575 and 325?
25
Calculate the greatest common divisor of 374 and 102.
34
What is the highest common divisor of 36 and 1476?
36
Calculate the highest common factor of 38 and 32.
2
Calculate the highest common divisor of 464 and 6728.
232
Calculate the highest common divisor of 22099 and 245.
49
Calculate the highest common divisor of 225 and 75.
75
Calculate the highest common factor of 164 and 6724.
164
Calculate the greatest common divisor of 296 and 40.
8
Calculate the highest common factor of 38 and 190.
38
What is the greatest common divisor of 12 and 128?
4
What is the highest common factor of 62 and 2294?
62
What is the highest common factor of 165 and 2365?
55
Calculate the highest common factor of 222 and 518.
74
What is the highest common factor of 27 and 23?
1
Calculate the highest common divisor of 814 and 2146.
74
Calculate the highest common divisor of 7 and 791.
7
What is the highest common divisor of 6 and 9?
3
What is the greatest common divisor of 18 and 954?
18
What is the greatest common divisor of 60 and 60?
60
What is the greatest common factor of 20 and 11200?
20
What is the greatest common divisor of 210 and 150?
30
Calculate the highest common divisor of 1990 and 20.
10
Calculate the highest common factor of 288 and 180.
36
What is the greatest common divisor of 330 and 12?
6
Calculate the greatest common factor of 352 and 66.
22
Calculate the highest common divisor of 169739 and 269.
269
Calculate the highest common divisor of 27 and 837.
27
What is the highest common factor of 30 and 960?
30
What is the greatest common divisor of 11 and 3223?
11
Calculate the greatest common divisor of 112 and 868.
28
Calculate the greatest common divisor of 832 and 52.
52
Calculate the highest common factor of 992 and 384.
32
Calculate the greatest common factor of 54 and 18.
18
Calculate the highest common divisor of 8 and 20.
4
Calculate the greatest common divisor of 45 and 144.
9
What is the highest common divisor of 126 and 28?
14
What is the greatest common factor of 1575 and 75?
75
Calculate the highest common factor of 576 and 3520.
64
Calculate the greatest common factor of 17850 and 25.
25
What is the highest common divisor of 159 and 2173?
53
What is the highest common factor of 1180 and 118?
118
What is the greatest common factor of 143 and 517?
11
What is the greatest common divisor of 99 and 33?
33
Calculate the highest common divisor of 713 and 31.
31
What is the greatest common divisor of 8952 and 4103?
373
What is the highest common divisor of 861 and 615?
123
Calculate the highest common divisor of 134 and 3618.
134
What is the highest common factor of 63 and 45?
9
Calculate the highest common factor of 125 and 50.
25
Calculate the highest common factor of 221 and 13.
13
What is the greatest common divisor of 196 and 7497?
49
Calculate the greatest common factor of 217 and 62.
31
Calculate the greatest common divisor of 130 and 4030.
130
Calculate the highest common divisor of 143 and 55.
11
What is the highest 